-41
In base 16, what is 18f + -4?
18b
In base 8, what is 175 + -67?
106
In base 2, what is -101 - 10000000000?
-10000000101
In base 6, what is -20 + 20400?
20340
In base 15, what is 25 + -73?
-4d
In base 15, what is 2ed - 4?
2e9
In base 10, what is -380 + -4?
-384
In base 6, what is -2 + 52?
50
In base 12, what is -10a4 - -b?
-1095
In base 3, what is 11211110 + -10?
11211100
In base 14, what is -3 + 312?
30d
In base 16, what is 159 - -4?
15d
In base 4, what is -10 + -311303?
-311313
In base 8, what is 7722 - 3?
7717
In base 10, what is -21081 + 2?
-21079
In base 3, what is 1210 - -11?
1221
In base 16, what is -15 + -a?
-1f
In base 13, what is -9a + -13?
-b0
In base 2, what is -1 + -101010011011?
-101010011100
In base 2, what is -100 + -1101001001?
-1101001101
In base 11, what is -5 - -11?
7
In base 5, what is -2430 - -14?
-2411
In base 9, what is -108 - 2?
-111
In base 15, what is 6 - -4?
a
In base 13, what is 307 + 4?
30b
In base 6, what is -3 - -503?
500
In base 9, what is -305 + -4?
-310
In base 9, what is 15 - -10?
25
In base 3, what is -200 + -20212?
-21112
In base 16, what is 2 - -1362?
1364
In base 15, what is 3eb - -2?
3ed
In base 15, what is 5 - 0?
5
In base 14, what is -4 - -117?
113
In base 12, what is -190 - 5?
-195
In base 2, what is -101001111110 - 110?
-101010000100
In base 16, what is 3 + 5e?
61
In base 8, what is -4 - -107?
103
In base 16, what is -1 - 48?
-49
In base 2, what is 0 + 1010001001010?
1010001001010
In base 8, what is -7 - 0?
-7
In base 2, what is -11 + 1100?
1001
In base 7, what is 0 - -4353?
4353
In base 11, what is -242 + 3?
-23a
In base 3, what is 1 + 121?
122
In base 2, what is 101 + -100111010?
-100110101
In base 6, what is 15 - -2110?
2125
In base 16, what is 2a2 - 4?
29e
In base 10, what is 238 - 0?
238
In base 9, what is -1 - -36?
35
In base 16, what is -89 + -6?
-8f
In base 8, what is -5606 - 6?
-5614
In base 16, what is 11 + -9?
8
In base 9, what is 2414 + -3?
2411
In base 3, what is -20201 + -11?
-20212
In base 15, what is -5 + -48d?
-493
In base 12, what is 5 + -24?
-1b
In base 3, what is -10 - 1210?
-1220
In base 4, what is -110 - -1000?
230
In base 5, what is 2020 + 24?
2044
In base 3, what is -1002021 - 102?
-1002200
In base 13, what is -4c - -4?
-48
In base 2, what is -111011101100001 - -10?
-111011101011111
In base 7, what is 36 + -11?
25
In base 7, what is -3 + 605?
602
In base 9, what is -1 + 377?
376
In base 5, what is 12121 - 10?
12111
In base 9, what is 13 - 1?
12
In base 13, what is 75 - -2?
77
In base 7, what is 122 - 5?
114
In base 14, what is 346 + -d?
337
In base 3, what is -1 - -22200?
22122
In base 14, what is 153 - -d?
162
In base 4, what is 3 + 1300333?
1301002
In base 10, what is -3697 + -1?
-3698
In base 6, what is 41 - -33?
114
In base 13, what is -10a + -4?
-111
In base 2, what is -10 + -10011011?
-10011101
In base 10, what is 430 + 3?
433
In base 9, what is 60 + 2?
62
In base 3, what is 1021 - -20?
1111
In base 13, what is -2 + -41?
-43
In base 2, what is -10 - -101011?
101001
In base 9, what is 57 - -7?
65
In base 11, what is 5 - 41?
-37
In base 16, what is 18 - -a?
22
In base 4, what is -33 + 211?
112
In base 4, what is -13313 + -10?
-13323
In base 16, what is 3 + d?
10
In base 14, what is 0 - a?
-a
In base 5, what is 40 - 20?
20
In base 16, what is 290 + -1?
28f
In base 15, what is -2d + 5c?
2e
In base 4, what is -222 + -100?
-322
In base 10, what is 73 + -2?
71
In base 14, what is 4 - -196?
19a
In base 11, what is -2 - 13a?
-141
In base 10, what is -5 + 124?
119
In base 13, what is 3 - -189?
18c
In base 8, what is -51 + -447?
-520
In base 5, what is 14 + 1?
20
In base 11, what is a + -388?
-379
In base 12, what is -a62 - -4?
-a5a
In base 3, what is 2102010 - 12?
2101221
In base 6, what is 2 + 14?
20
In base 3, what is -2 - -11?
2
In base 4, what is -1221202 + -3?
-1221211
In base 10, what is -9 - -140?
131
In base 12, what is 27 + -13?
14
In base 2, what is 110 - -1010101111001?
1010101111111
In base 3, what is -101022 + -12?
-101111
In base 2, what is -10100 - 1001?
-11101
In base 5, what is -1144041 - 0?
-1144041
In base 5, what is -4 + 4413?
4404
In base 13, what is 1 - 213?
-212
In base 8, what is 3 - -225?
230
In base 5, what is -101 - 120?
-221
In base 6, what is 4 + 54031?
54035
In base 6, what is 1015 - 2?
1013
In base 13, what is -34 + 101?
9a
In base 9, what is 5 - -45?
51
In base 14, what is -2c + 5?
-27
In base 10, what is -604 + -1?
-605
In base 16, what is 4 + c84?
c88
In base 7, what is 5 - -46?
54
In base 6, what is -1055 + 10?
-1045
In base 12, what is -29 - -5?
-24
In base 7, what is 440 - 4?
433
In base 8, what is -736 + 2?
-734
In base 13, what is 2 + -5ca?
-5c8
In base 10, what is -4 + 199?
195
In base 9, what is 20 - 2?
17
In base 5, what is 12 - 10430?
-10413
In base 3, what is 12011 - -12?
12100
In base 15, what is -17 - 0?
-17
In base 5, what is 0 - -4404?
4404
In base 7, what is 111 + -116?
-5
In base 10, what is -13 - 1?
-14
In base 6, what is -42 + 110?
24
In base 4, what is -203333 - -3?
-203330
In base 10, what is 1 - 3614?
-3613
In base 14, what is c1 - -d?
d0
In base 2, what is 1110110101 - -1110?
1111000011
In base 15, what is -4 - 26?
-2a
In base 5, what is 2332 + 233?
3120
In base 6, what is 2 + -325?
-323
In base 13, what is -c9 + -2?
-cb
In base 9, what is -21 - 676?
-707
In base 9, what is 2 + 65?
67
In base 7, what is -10333 + -2?
-10335
In base 16, what is -66b - 5?
-670
In base 5, what is -1 + 2212?
2211
In base 12, what is 30 + -329?
-2b9
In base 2, what is 1101 - -1000011?
1010000
In base 2, what is 10000000 - -1000001?
11000001
In base 3, what is 11 + 210?
221
In base 14, what is 16 - -1?
17
In base 16, what is -cf - b?
-da
In base 14, what is -94 + -5?
-99
In base 13, what is -5c - 7?
-66
In base 5, what is -2 - 222?
-224
In base 13, what is 61 - 0?
61
In base 13, what is 5 + -105a?
-1055
In base 6, what is 144 + 20?
204
In base 6, what is 110 - 10?
100
In base 14, what is 3 + 4?
7
In base 7, what is 346 + -1?
345
In base 15, what is -1 + -7?
-8
In base 14, what is -34 + 5?
-2d
In base 5, what is -14314 - 0?
-14314
In base 12, what is -1032 + 7?
-1027
In base 15, what is -5 + -b8?
-bd
In base 9, what is 27 + -6?
21
In base 8, what is 355 + -3?
352
In base 3, what is -2021 - 11?
-2102
In base 3, what is -1 + -12200?
-12201
In base 7, what is 646 + 5?
654
In base 15, what is 1ca - -6?
1d1
In base 15, what is 2 + -49?
-47
In base 9, what is 13865 + 5?
13871
In base 16, what is 6 + 3a?
40
In base 7, what is 6 + -4?
2
In base 8, what is 1 + -3267?
-3266
In base 16, what is 3fc - -5?
401
In base 16, what is -a + 0?
-a
In base 11, what is -3 + -158?
-160
In base 14, what is 11 + -12?
-1
In base 3, what is -12112120 + 0?
-12112120
In base 5, what is 41 - 0?
41
In base 9, what is 7 + 436?
444
In base 2, what is 10010100 - -1?
10010101
In base 7, what is -5 + -1115?
-1123
In base 15, what is -d + -21?
-2e
In base 10, what is -137 + 44?
-93
In base 5, what is -223211 + -3?
-223214
In base 14, what is c + a?
18
In base 3, what is -2210 + 1210?
-1000
In base 9, what is -2101 + 2?
-2088
In base 8, what is -5 + -556?
-563
In base 6, what is 30010 - 4?
30002
In base 8, what is 341 + 3?
344
In base 11, what is -330 - 25?
-355
In base 9, what is -16613 + 1?
-16612
In base 9, what is 68 + -225?
-146
In base 13, what is 76c - 14?
758
In base 13, what is -51 - -3?
-4b
In base 10, what is 8 + 3031?
3039
In base 12, what is 10 - -31a?
32a
In base 4, what is -123002 - -2?
-123000
In base 2, what is -101110 + -11?
-110001
In base 14, what is 4 + -2aa?
-2a6
In base 8, what is -26060 + 1?
-26057
In base 16, what is -d - 33?
-40
In base 11, what is -3 + 24?
21
In base 11, what is -1 + -784?
-785
In base 7, what is -1455 - -40?
-1415
In base 10, what is -1001 + 0?
-1001
In base 11, what is -17 + -3?
-1a
In base 5, what is 1003 - -1?
1004
In base 9, what is 3060 - -1?
3061
In base 8, what is 13 - 22?
-7
In base 15, what is 25 + -2?
23
In base 16, what is -3 + 23?
20
In base 14, what is 1480 + 5?
1485
In base 6, what is -10 - -13?
3
In base 6, what is -152 - 52?
-244
In base 12, what is 19 - -aa?
107
In base 9, what is -2 - 16?
-18
In base 9, what is 311 + -43?
257
In base 15, what is -2 - -3c?
3a
In base 8, what is -563 + -12?
-575
In base 15, what is 4 +